its digit of 10505?
5
What is the thousands digit of 22034?
2
What is the tens digit of 12238?
3
What is the units digit of 5131?
1
What is the units digit of 3532?
2
What is the tens digit of 247?
4
What is the tens digit of 10616?
1
What is the thousands digit of 37589?
7
What is the hundreds digit of 10977?
9
What is the hundreds digit of 584?
5
What is the thousands digit of 11973?
1
What is the hundreds digit of 100436?
4
What is the ten thousands digit of 46590?
4
What is the tens digit of 32377?
7
What is the tens digit of 2926?
2
What is the units digit of 58?
8
What is the tens digit of 14253?
5
What is the units digit of 104?
4
What is the units digit of 195?
5
What is the hundreds digit of 5900?
9
What is the hundreds digit of 9094?
0
What is the ten thousands digit of 66035?
6
What is the hundreds digit of 530?
5
What is the thousands digit of 46409?
6
What is the units digit of 31474?
4
What is the hundreds digit of 10228?
2
What is the ten thousands digit of 47439?
4
What is the thousands digit of 51227?
1
What is the hundreds digit of 4531?
5
What is the units digit of 13783?
3
What is the tens digit of 10446?
4
What is the units digit of 1006?
6
What is the thousands digit of 33354?
3
What is the hundreds digit of 2283?
2
What is the thousands digit of 6534?
6
What is the units digit of 574?
4
What is the thousands digit of 2376?
2
What is the thousands digit of 16647?
6
What is the tens digit of 7425?
2
What is the tens digit of 16873?
7
What is the tens digit of 1588?
8
What is the units digit of 1407?
7
What is the tens digit of 22915?
1
What is the thousands digit of 2116?
2
What is the units digit of 10609?
9
What is the tens digit of 5128?
2
What is the units digit of 21032?
2
What is the units digit of 1025?
5
What is the hundreds digit of 1788?
7
What is the ten thousands digit of 13421?
1
What is the units digit of 15107?
7
What is the units digit of 15678?
8
What is the units digit of 19950?
0
What is the hundreds digit of 421?
4
What is the tens digit of 350?
5
What is the ten thousands digit of 16187?
1
What is the units digit of 392?
2
What is the units digit of 134784?
4
What is the hundreds digit of 11409?
4
What is the tens digit of 37143?
4
What is the tens digit of 22307?
0
What is the units digit of 9959?
9
What is the thousands digit of 10655?
0
What is the tens digit of 7634?
3
What is the ten thousands digit of 79932?
7
What is the ten thousands digit of 18261?
1
What is the tens digit of 2400?
0
What is the units digit of 961?
1
What is the tens digit of 69?
6
What is the tens digit of 5415?
1
What is the ten thousands digit of 51320?
5
What is the units digit of 534?
4
What is the thousands digit of 33101?
3
What is the hundreds digit of 717?
7
What is the hundreds digit of 59618?
6
What is the hundreds digit of 6479?
4
What is the tens digit of 3202?
0
What is the hundreds digit of 61283?
2
What is the tens digit of 981?
8
What is the hundreds digit of 41034?
0
What is the tens digit of 1280?
8
What is the thousands digit of 9218?
9
What is the hundreds digit of 28593?
5
What is the thousands digit of 7050?
7
What is the hundreds digit of 68419?
4
What is the hundreds digit of 2264?
2
What is the units digit of 182?
2
What is the units digit of 11659?
9
What is the hundreds digit of 7530?
5
What is the hundreds digit of 10726?
7
What is the hundreds digit of 2161?
1
What is the hundreds digit of 748?
7
What is the thousands digit of 7543?
7
What is the tens digit of 3750?
5
What is the hundreds digit of 800?
8
What is the units digit of 4353?
3
What is the thousands digit of 4272?
4
What is the tens digit of 716?
1
What is the tens digit of 250?
5
What is the tens digit of 8926?
2
What is the units digit of 808?
8
What is the hundreds digit of 3162?
1
What is the thousands digit of 26041?
6
What is the thousands digit of 26916?
6
What is the tens digit of 94545?
4
What is the hundreds digit of 4911?
9
What is the hundreds digit of 82704?
7
What is the thousands digit of 1277?
1
What is the hundred thousands digit of 122432?
1
What is the hundred thousands digit of 126553?
1
What is the hundreds digit of 6246?
2
What is the units digit of 3992?
2
What is the units digit of 3084?
4
What is the units digit of 53175?
5
What is the units digit of 277?
7
What is the hundreds digit of 282?
2
What is the tens digit of 5048?
4
What is the thousands digit of 1487?
1
What is the hundreds digit of 112184?
1
What is the units digit of 20845?
5
What is the tens digit of 4202?
0
What is the tens digit of 1852?
5
What is the hundreds digit of 920?
9
What is the units digit of 5783?
3
What is the tens digit of 11069?
6
What is the tens digit of 970?
7
What is the thousands digit of 21619?
1
What is the tens digit of 63?
6
What is the thousands digit of 30028?
0
What is the hundreds digit of 1081?
0
What is the hundreds digit of 8289?
2
What is the tens digit of 17657?
5
What is the tens digit of 311?
1
What is the units digit of 106?
6
What is the hundreds digit of 1353?
3
What is the units digit of 51776?
6
What is the hundreds digit of 68202?
2
What is the thousands digit of 2145?
2
What is the thousands digit of 3717?
3
What is the units digit of 1856?
6
What is the hundreds digit of 42925?
9
What is the hundreds digit of 1691?
6
What is the thousands digit of 3132?
3
What is the units digit of 267?
7
What is the units digit of 30060?
0
What is the hundreds digit of 447?
4
What is the hundreds digit of 1330?
3
What is the units digit of 559?
9
What is the units digit of 25417?
7
What is the hundreds digit of 9276?
2
What is the tens digit of 5072?
7
What is the units digit of 664?
4
What is the units digit of 9625?
5
What is the units digit of 10271?
1
What is the hundreds digit of 34700?
7
What is the tens digit of 1823?
2
What is the tens digit of 54519?
1
What is the hundreds digit of 12635?
6
What is the hundreds digit of 6963?
9
What is the units digit of 2631?
1
What is the ten thousands digit of 32437?
3
What is the ten thousands digit of 15620?
1
What is the thousands digit of 2023?
2
What is the tens digit of 25744?
4
What is the ten thousands digit of 17497?
1
What is the hundreds digit of 685?
6
What is the thousands digit of 54079?
4
What is the hundreds digit of 116495?
4
What is the tens digit of 4007?
0
What is the units digit of 2924?
4
What is the tens digit of 4533?
3
What is the hundreds digit of 4122?
1
What is the thousands digit of 2359?
2
What is the tens digit of 686?
8
What is the hundreds digit of 6076?
0
What is the hundreds digit of 1268?
2
What is the tens digit of 762?
6
What is the hundreds digit of 486?
4
What is the tens digit of 55213?
1
What is the thousands digit of 8582?
8
What is the tens digit of 4704?
0
What is the tens digit of 1240?
4
What is the ten thousands digit of 11981?
1
What is the hundreds digit of 391?
3
What is the hundreds digit of 3053?
0
What is the ten thousands digit of 49855?
4
What is the tens digit of 8306?
0
What is the units digit of 9243?
3
What is the units digit of 153?
3
What is the units digit of 891?
1
What is the hundreds digit of 122828?
8
What is the ten thousands digit of 10852?
1
What is the thousands digit of 38385?
8
What is the thousands digit of 1045?
1
What is the thousands digit of 151246?
1
What is the hundreds digit of 580?
5
What is the tens digit of 30827?
2
What is the units digit of 10222?
2
What is the thousands digit of 4409?
4
What is the thousands digit of 157759?
7
What is the tens digit of 12684?
8
What is the hundreds digit of 982?
9
What is the hundreds digit of 4970?
9
What is the hundreds digit of 10517?
5
What is the thousands digit of 3527?
3
What is the thousands digit of 3958?
3
What is the tens digit of 5924?
2
What is the units digit of 22804?
4
What is the units digit of 8282?
2
What is the units digit of 6617?
7
What is the hundreds digit of 1562?
5
What is the tens digit of 30378?
7
What is the units digit of 20469?
9
What is the hundreds digit of 1070?
0
What is the hundred thousands digit of 148421?
1
What is the tens digit of 42?
4
What is the hundreds digit of 8992?
9
What is the tens digit of 2645?
4
What is the tens digit of 2501?
0
What is the hundreds digit of 473?
4
What is the units digit of 7449?
9